Last updated on 2025-05-21 04:49:50 CEST.
Flavor | Version | Tinstall | Tcheck | Ttotal | Status | Flags |
---|---|---|---|---|---|---|
r-devel-linux-x86_64-debian-clang | 1.0.0 | 1.63 | 16.68 | 18.31 | NOTE | |
r-devel-linux-x86_64-debian-gcc | 1.0.0 | 1.38 | 13.78 | 15.16 | NOTE | |
r-devel-linux-x86_64-fedora-clang | 1.0.0 | 29.17 | OK | |||
r-devel-linux-x86_64-fedora-gcc | 1.0.0 | 28.05 | OK | |||
r-devel-windows-x86_64 | 1.0.0 | 2.00 | 44.00 | 46.00 | OK | |
r-patched-linux-x86_64 | 1.0.0 | 1.59 | 16.34 | 17.93 | OK | |
r-release-linux-x86_64 | 1.0.0 | 1.55 | 16.24 | 17.79 | OK | |
r-release-macos-arm64 | 1.0.0 | 16.00 | OK | |||
r-release-macos-x86_64 | 1.0.0 | 29.00 | OK | |||
r-release-windows-x86_64 | 1.0.0 | 3.00 | 49.00 | 52.00 | OK | |
r-oldrel-macos-arm64 | 1.0.0 | 15.00 | NOTE | |||
r-oldrel-macos-x86_64 | 1.0.0 | 20.00 | NOTE | |||
r-oldrel-windows-x86_64 | 1.0.0 | 3.00 | 41.00 | 44.00 | NOTE |
Version: 1.0.0
Check: CRAN incoming feasibility
Result: NOTE
Maintainer: ‘Philip D. Waggoner <philip.waggoner@gmail.com>’
No Authors@R field in DESCRIPTION.
Please add one, modifying
Authors@R: person(given = c("Philip", "D."),
family = "Waggoner",
role = c("aut", "cre"),
email = "philip.waggoner@gmail.com")
as necessary.
Flavors: r-devel-linux-x86_64-debian-clang, r-devel-linux-x86_64-debian-gcc
Version: 1.0.0
Check: LazyData
Result: NOTE
'LazyData' is specified without a 'data' directory
Flavors: r-oldrel-macos-arm64, r-oldrel-macos-x86_64, r-oldrel-windows-x86_64