CRAN Package Check Results for Package peRiodiCS

Last updated on 2025-05-21 04:49:49 CEST.

Flavor Version Tinstall Tcheck Ttotal Status Flags
r-devel-linux-x86_64-debian-clang 0.5.0 7.13 58.56 65.69 OK
r-devel-linux-x86_64-debian-gcc 0.5.0 5.13 42.14 47.27 OK
r-devel-linux-x86_64-fedora-clang 0.5.0 100.50 NOTE
r-devel-linux-x86_64-fedora-gcc 0.5.0 96.67 NOTE
r-devel-windows-x86_64 0.5.0 9.00 78.00 87.00 OK
r-patched-linux-x86_64 0.5.0 5.82 53.86 59.68 OK
r-release-linux-x86_64 0.5.0 6.56 54.00 60.56 OK
r-release-macos-arm64 0.5.0 29.00 OK
r-release-macos-x86_64 0.5.0 58.00 OK
r-release-windows-x86_64 0.5.0 9.00 77.00 86.00 OK
r-oldrel-macos-arm64 0.5.0 30.00 OK
r-oldrel-macos-x86_64 0.5.0 45.00 OK
r-oldrel-windows-x86_64 0.5.0 12.00 91.00 103.00 OK

Check Details

Version: 0.5.0
Check: dependencies in R code
Result: NOTE Namespace in Imports field not imported from: ‘rms’ All declared Imports should be used. Flavors: r-devel-linux-x86_64-fedora-clang, r-devel-linux-x86_64-fedora-gcc