Last updated on 2025-05-21 04:49:49 CEST.
Flavor | Version | Tinstall | Tcheck | Ttotal | Status | Flags |
---|---|---|---|---|---|---|
r-devel-linux-x86_64-debian-clang | 0.2.4 | 12.36 | 41.28 | 53.64 | NOTE | |
r-devel-linux-x86_64-debian-gcc | 0.2.4 | 8.68 | 29.75 | 38.43 | NOTE | |
r-devel-linux-x86_64-fedora-clang | 0.2.4 | 88.49 | OK | |||
r-devel-linux-x86_64-fedora-gcc | 0.2.4 | 84.85 | OK | |||
r-devel-windows-x86_64 | 0.2.4 | 15.00 | 77.00 | 92.00 | OK | |
r-patched-linux-x86_64 | 0.2.4 | 12.41 | 38.70 | 51.11 | OK | |
r-release-linux-x86_64 | 0.2.4 | 11.75 | 39.29 | 51.04 | OK | |
r-release-macos-arm64 | 0.2.4 | 26.00 | OK | |||
r-release-macos-x86_64 | 0.2.4 | 46.00 | OK | |||
r-release-windows-x86_64 | 0.2.4 | 14.00 | 89.00 | 103.00 | OK | |
r-oldrel-macos-arm64 | 0.2.4 | 25.00 | OK | |||
r-oldrel-macos-x86_64 | 0.2.4 | 35.00 | OK | |||
r-oldrel-windows-x86_64 | 0.2.4 | 14.00 | 88.00 | 102.00 | OK |
Version: 0.2.4
Check: CRAN incoming feasibility
Result: NOTE
Maintainer: ‘Christine Hohensinn <research@christinehohensinn.at>’
No Authors@R field in DESCRIPTION.
Please add one, modifying
Authors@R: person(given = "Christine",
family = "Hohensinn",
role = c("cre", "aut"),
email = "research@christinehohensinn.at")
as necessary.
Flavors: r-devel-linux-x86_64-debian-clang, r-devel-linux-x86_64-debian-gcc