Last updated on 2025-05-21 04:49:49 CEST.
Flavor | Version | Tinstall | Tcheck | Ttotal | Status | Flags |
---|---|---|---|---|---|---|
r-devel-linux-x86_64-debian-clang | 1.0.0.4 | 12.05 | 54.36 | 66.41 | NOTE | |
r-devel-linux-x86_64-debian-gcc | 1.0.0.4 | 7.11 | 41.76 | 48.87 | NOTE | |
r-devel-linux-x86_64-fedora-clang | 1.0.0.4 | 102.80 | NOTE | |||
r-devel-linux-x86_64-fedora-gcc | 1.0.0.4 | 112.33 | NOTE | |||
r-devel-windows-x86_64 | 1.0.0.4 | 14.00 | 81.00 | 95.00 | NOTE | |
r-patched-linux-x86_64 | 1.0.0.4 | 11.13 | 50.52 | 61.65 | NOTE | |
r-release-linux-x86_64 | 1.0.0.4 | 11.38 | 51.08 | 62.46 | NOTE | |
r-release-macos-arm64 | 1.0.0.4 | 40.00 | NOTE | |||
r-release-macos-x86_64 | 1.0.0.4 | 80.00 | NOTE | |||
r-release-windows-x86_64 | 1.0.0.4 | 12.00 | 70.00 | 82.00 | NOTE | |
r-oldrel-macos-arm64 | 1.0.0.4 | 40.00 | OK | |||
r-oldrel-macos-x86_64 | 1.0.0.4 | 70.00 | OK | |||
r-oldrel-windows-x86_64 | 1.0.0.4 | 18.00 | 80.00 | 98.00 | OK |
Version: 1.0.0.4
Check: DESCRIPTION meta-information
Result: NOTE
Missing dependency on R >= 4.1.0 because package code uses the pipe
|> or function shorthand \(...) syntax added in R 4.1.0.
File(s) using such syntax:
‘mod_control_form.R’ ‘mod_leaflet_map.R’
Flavors: r-devel-linux-x86_64-debian-clang, r-devel-linux-x86_64-debian-gcc, r-devel-linux-x86_64-fedora-clang, r-devel-linux-x86_64-fedora-gcc, r-devel-windows-x86_64, r-patched-linux-x86_64, r-release-linux-x86_64, r-release-macos-arm64, r-release-macos-x86_64, r-release-windows-x86_64