Last updated on 2025-05-21 04:49:49 CEST.
Flavor | Version | Tinstall | Tcheck | Ttotal | Status | Flags |
---|---|---|---|---|---|---|
r-devel-linux-x86_64-debian-clang | 0.1.1 | 1.81 | 20.09 | 21.90 | NOTE | |
r-devel-linux-x86_64-debian-gcc | 0.1.1 | 1.55 | 16.68 | 18.23 | NOTE | |
r-devel-linux-x86_64-fedora-clang | 0.1.1 | 32.66 | OK | |||
r-devel-linux-x86_64-fedora-gcc | 0.1.1 | 30.51 | OK | |||
r-devel-windows-x86_64 | 0.1.1 | 5.00 | 53.00 | 58.00 | OK | |
r-patched-linux-x86_64 | 0.1.1 | 1.71 | 18.43 | 20.14 | OK | |
r-release-linux-x86_64 | 0.1.1 | 1.61 | 18.43 | 20.04 | OK | |
r-release-macos-arm64 | 0.1.1 | 16.00 | OK | |||
r-release-macos-x86_64 | 0.1.1 | 32.00 | OK | |||
r-release-windows-x86_64 | 0.1.1 | 3.00 | 42.00 | 45.00 | OK | |
r-oldrel-macos-arm64 | 0.1.1 | 22.00 | OK | |||
r-oldrel-macos-x86_64 | 0.1.1 | 20.00 | OK | |||
r-oldrel-windows-x86_64 | 0.1.1 | 3.00 | 43.00 | 46.00 | OK |
Version: 0.1.1
Check: CRAN incoming feasibility
Result: NOTE
Maintainer: ‘Allison Horst <ahorst@ucsb.edu>’
Package CITATION file contains call(s) to old-style citEntry(). Please
use bibentry() instead.
Flavors: r-devel-linux-x86_64-debian-clang, r-devel-linux-x86_64-debian-gcc