Last updated on 2025-05-21 04:49:48 CEST.
Flavor | Version | Tinstall | Tcheck | Ttotal | Status | Flags |
---|---|---|---|---|---|---|
r-devel-linux-x86_64-debian-clang | 0.1.2 | 4.25 | 51.81 | 56.06 | NOTE | |
r-devel-linux-x86_64-debian-gcc | 0.1.2 | 2.65 | 35.28 | 37.93 | NOTE | |
r-devel-linux-x86_64-fedora-clang | 0.1.2 | 87.83 | OK | |||
r-devel-linux-x86_64-fedora-gcc | 0.1.2 | 85.54 | OK | |||
r-devel-windows-x86_64 | 0.1.2 | 6.00 | 85.00 | 91.00 | OK | |
r-patched-linux-x86_64 | 0.1.2 | 4.41 | 49.78 | 54.19 | OK | |
r-release-linux-x86_64 | 0.1.2 | 3.96 | 48.83 | 52.79 | OK | |
r-release-macos-arm64 | 0.1.2 | 30.00 | OK | |||
r-release-macos-x86_64 | 0.1.2 | 54.00 | OK | |||
r-release-windows-x86_64 | 0.1.2 | 5.00 | 96.00 | 101.00 | OK | |
r-oldrel-macos-arm64 | 0.1.2 | 27.00 | OK | |||
r-oldrel-macos-x86_64 | 0.1.2 | 42.00 | OK | |||
r-oldrel-windows-x86_64 | 0.1.2 | 7.00 | 90.00 | 97.00 | OK |
Version: 0.1.2
Check: CRAN incoming feasibility
Result: NOTE
Maintainer: ‘Sizhong Yang <yanglzu@163.com>’
No Authors@R field in DESCRIPTION.
Please add one, modifying
Authors@R: person(given = "Sizhong",
family = "Yang",
role = c("aut", "cre"),
email = "yanglzu@163.com")
as necessary.
Flavors: r-devel-linux-x86_64-debian-clang, r-devel-linux-x86_64-debian-gcc