Last updated on 2025-05-20 03:50:18 CEST.
Flavor | Version | Tinstall | Tcheck | Ttotal | Status | Flags |
---|---|---|---|---|---|---|
r-devel-linux-x86_64-debian-clang | 1.1.1 | 9.21 | 240.50 | 249.71 | OK | |
r-devel-linux-x86_64-debian-gcc | 1.1.1 | 5.45 | 171.82 | 177.27 | OK | |
r-devel-linux-x86_64-fedora-clang | 1.2.0 | 413.10 | OK | |||
r-devel-linux-x86_64-fedora-gcc | 1.2.0 | 429.52 | OK | |||
r-devel-windows-x86_64 | 1.2.0 | 13.00 | 202.00 | 215.00 | OK | |
r-patched-linux-x86_64 | 1.1.1 | 10.55 | 227.79 | 238.34 | OK | |
r-release-linux-x86_64 | 1.1.1 | 10.04 | 226.05 | 236.09 | OK | |
r-release-macos-arm64 | 1.2.0 | 104.00 | OK | |||
r-release-macos-x86_64 | 1.1.1 | 172.00 | OK | |||
r-release-windows-x86_64 | 1.1.1 | 13.00 | 199.00 | 212.00 | OK | |
r-oldrel-macos-arm64 | 1.2.0 | 95.00 | WARN | |||
r-oldrel-macos-x86_64 | 1.1.1 | 177.00 | OK | |||
r-oldrel-windows-x86_64 | 1.1.1 | 15.00 | 239.00 | 254.00 | OK |
Version: 1.2.0
Check: Rd files
Result: WARN
cannot open the connection
cannot open the connection
cannot open the connection
cannot open the connection
cannot open the connection
cannot open the connection
emptyCohortTable.Rd: Sections \title, and \name must exist and be unique in Rd files
cannot open the connection
emptySummarisedResult.Rd: Sections \title, and \name must exist and be unique in Rd files
cannot open the connection
cannot open the connection
cannot open the connection
cannot open the connection
cannot open the connection
filterSettings.Rd: Sections \title, and \name must exist and be unique in Rd files
problems found in ‘cdmName.Rd’, ‘cdmReference.Rd’, ‘cdmSelect.Rd’, ‘emptyCdmReference.Rd’, ‘emptyCodelist.Rd’, ‘emptyCodelistWithDetails.Rd’, ‘emptyCohortTable.Rd’, ‘emptyOmopTable.Rd’, ‘emptySummarisedResult.Rd’, ‘estimateTypeChoices.Rd’, ‘exportCodelist.Rd’, ‘exportSummarisedResult.Rd’, ‘filterAdditional.Rd’, ‘filterGroup.Rd’, ‘filterSettings.Rd’
Flavor: r-oldrel-macos-arm64