Last updated on 2025-05-20 03:50:16 CEST.
Flavor | Version | Tinstall | Tcheck | Ttotal | Status | Flags |
---|---|---|---|---|---|---|
r-devel-linux-x86_64-debian-clang | 0.1.3 | 6.95 | 97.98 | 104.93 | NOTE | |
r-devel-linux-x86_64-debian-gcc | 0.1.3 | 4.16 | 70.33 | 74.49 | NOTE | |
r-devel-linux-x86_64-fedora-clang | 0.1.3 | 172.11 | NOTE | |||
r-devel-linux-x86_64-fedora-gcc | 0.1.3 | 180.50 | NOTE | |||
r-devel-windows-x86_64 | 0.1.3 | 8.00 | 108.00 | 116.00 | NOTE | |
r-patched-linux-x86_64 | 0.1.3 | 7.29 | 94.64 | 101.93 | NOTE | |
r-release-linux-x86_64 | 0.1.3 | 7.22 | 94.93 | 102.15 | NOTE | |
r-release-macos-arm64 | 0.1.3 | 53.00 | NOTE | |||
r-release-macos-x86_64 | 0.1.3 | 110.00 | NOTE | |||
r-release-windows-x86_64 | 0.1.3 | 8.00 | 115.00 | 123.00 | NOTE | |
r-oldrel-macos-arm64 | 0.1.3 | 54.00 | OK | |||
r-oldrel-macos-x86_64 | 0.1.3 | 79.00 | OK | |||
r-oldrel-windows-x86_64 | 0.1.3 | 11.00 | 133.00 | 144.00 | OK |
Version: 0.1.3
Check: DESCRIPTION meta-information
Result: NOTE
Missing dependency on R >= 4.1.0 because package code uses the pipe
|> or function shorthand \(...) syntax added in R 4.1.0.
File(s) using such syntax:
‘spec_builder.R’ ‘xml_builders.R’
Flavors: r-devel-linux-x86_64-debian-clang, r-devel-linux-x86_64-debian-gcc, r-devel-linux-x86_64-fedora-clang, r-devel-linux-x86_64-fedora-gcc, r-devel-windows-x86_64, r-patched-linux-x86_64, r-release-linux-x86_64, r-release-macos-arm64, r-release-macos-x86_64, r-release-windows-x86_64