Last updated on 2025-05-21 04:49:46 CEST.
Flavor | Version | Tinstall | Tcheck | Ttotal | Status | Flags |
---|---|---|---|---|---|---|
r-devel-linux-x86_64-debian-clang | 1.0.3 | 14.04 | 122.23 | 136.27 | OK | |
r-devel-linux-x86_64-debian-gcc | 1.0.3 | 6.73 | 79.44 | 86.17 | OK | |
r-devel-linux-x86_64-fedora-clang | 1.0.3 | 208.81 | NOTE | |||
r-devel-linux-x86_64-fedora-gcc | 1.0.3 | 238.60 | NOTE | |||
r-devel-windows-x86_64 | 1.0.3 | 14.00 | 156.00 | 170.00 | OK | |
r-patched-linux-x86_64 | 1.0.3 | 14.12 | 116.57 | 130.69 | OK | |
r-release-linux-x86_64 | 1.0.3 | 12.95 | 116.13 | 129.08 | OK | |
r-release-macos-arm64 | 1.0.3 | 58.00 | OK | |||
r-release-macos-x86_64 | 1.0.3 | 134.00 | OK | |||
r-release-windows-x86_64 | 1.0.3 | 15.00 | 148.00 | 163.00 | OK | |
r-oldrel-macos-arm64 | 1.0.3 | 61.00 | OK | |||
r-oldrel-macos-x86_64 | 1.0.3 | 123.00 | OK | |||
r-oldrel-windows-x86_64 | 1.0.3 | 18.00 | 187.00 | 205.00 | OK |
Version: 1.0.3
Check: dependencies in R code
Result: NOTE
Namespace in Imports field not imported from: ‘mvtnorm’
All declared Imports should be used.
Flavors: r-devel-linux-x86_64-fedora-clang, r-devel-linux-x86_64-fedora-gcc