Last updated on 2025-05-21 04:49:46 CEST.
Flavor | Version | Tinstall | Tcheck | Ttotal | Status | Flags |
---|---|---|---|---|---|---|
r-devel-linux-x86_64-debian-clang | 3.0 | 8.51 | 79.12 | 87.63 | NOTE | |
r-devel-linux-x86_64-debian-gcc | 3.0 | 7.13 | 59.94 | 67.07 | NOTE | |
r-devel-linux-x86_64-fedora-clang | 3.0 | 145.32 | OK | |||
r-devel-linux-x86_64-fedora-gcc | 3.0 | 131.79 | OK | |||
r-devel-windows-x86_64 | 3.0 | 10.00 | 106.00 | 116.00 | OK | |
r-patched-linux-x86_64 | 3.0 | 9.35 | 75.26 | 84.61 | OK | |
r-release-linux-x86_64 | 3.0 | 9.58 | 75.32 | 84.90 | OK | |
r-release-macos-arm64 | 3.0 | 44.00 | OK | |||
r-release-macos-x86_64 | 3.0 | 74.00 | OK | |||
r-release-windows-x86_64 | 3.0 | 11.00 | 110.00 | 121.00 | OK | |
r-oldrel-macos-arm64 | 3.0 | 41.00 | OK | |||
r-oldrel-macos-x86_64 | 3.0 | 59.00 | OK | |||
r-oldrel-windows-x86_64 | 3.0 | 13.00 | 117.00 | 130.00 | OK |
Version: 3.0
Check: CRAN incoming feasibility
Result: NOTE
Maintainer: ‘Richard A. Bilonick <rabilonick@gmail.com>’
No Authors@R field in DESCRIPTION.
Please add one, modifying
Authors@R: person(given = c("Richard", "A."),
family = "Bilonick",
role = c("aut", "cre"),
email = "rabilonick@gmail.com")
as necessary.
Flavors: r-devel-linux-x86_64-debian-clang, r-devel-linux-x86_64-debian-gcc