Last updated on 2025-05-20 03:50:15 CEST.
Flavor | Version | Tinstall | Tcheck | Ttotal | Status | Flags |
---|---|---|---|---|---|---|
r-devel-linux-x86_64-debian-clang | 0.11.1 | 7.11 | 58.95 | 66.06 | NOTE | |
r-devel-linux-x86_64-debian-gcc | 0.11.1 | 4.67 | 44.35 | 49.02 | NOTE | |
r-devel-linux-x86_64-fedora-clang | 0.11.1 | 104.57 | NOTE | |||
r-devel-linux-x86_64-fedora-gcc | 0.11.1 | 126.83 | NOTE | |||
r-devel-windows-x86_64 | 0.11.1 | 10.00 | 100.00 | 110.00 | NOTE | |
r-patched-linux-x86_64 | 0.11.1 | 7.39 | 55.68 | 63.07 | NOTE | |
r-release-linux-x86_64 | 0.11.1 | 6.69 | 55.96 | 62.65 | NOTE | |
r-release-macos-arm64 | 0.11.1 | 74.00 | NOTE | |||
r-release-macos-x86_64 | 0.11.1 | 123.00 | NOTE | |||
r-release-windows-x86_64 | 0.11.1 | 9.00 | 90.00 | 99.00 | NOTE | |
r-oldrel-macos-arm64 | 0.11.1 | 46.00 | NOTE | |||
r-oldrel-macos-x86_64 | 0.11.1 | 69.00 | NOTE | |||
r-oldrel-windows-x86_64 | 0.11.1 | 10.00 | 100.00 | 110.00 | NOTE |
Version: 0.11.1
Check: Rd files
Result: NOTE
checkRd: (-1) manipulateWidget.Rd:113-117: Lost braces in \itemize; meant \describe ?
checkRd: (-1) manipulateWidget.Rd:118-120: Lost braces in \itemize; meant \describe ?
checkRd: (-1) manipulateWidget.Rd:121-123: Lost braces in \itemize; meant \describe ?
checkRd: (-1) manipulateWidget.Rd:124-127: Lost braces in \itemize; meant \describe ?
Flavors: r-devel-linux-x86_64-debian-clang, r-devel-linux-x86_64-debian-gcc, r-devel-linux-x86_64-fedora-clang, r-devel-linux-x86_64-fedora-gcc, r-devel-windows-x86_64, r-patched-linux-x86_64, r-release-linux-x86_64, r-release-macos-arm64, r-release-macos-x86_64, r-release-windows-x86_64, r-oldrel-macos-arm64, r-oldrel-macos-x86_64, r-oldrel-windows-x86_64