Last updated on 2025-05-21 04:49:45 CEST.
Flavor | Version | Tinstall | Tcheck | Ttotal | Status | Flags |
---|---|---|---|---|---|---|
r-devel-linux-x86_64-debian-clang | 1.6-1 | 4.17 | 53.36 | 57.53 | NOTE | |
r-devel-linux-x86_64-debian-gcc | 1.6-1 | 2.79 | 40.35 | 43.14 | NOTE | |
r-devel-linux-x86_64-fedora-clang | 1.6-1 | 91.42 | OK | |||
r-devel-linux-x86_64-fedora-gcc | 1.6-1 | 101.11 | OK | |||
r-devel-windows-x86_64 | 1.6-1 | 6.00 | 150.00 | 156.00 | OK | |
r-patched-linux-x86_64 | 1.6-1 | 5.32 | 49.69 | 55.01 | OK | |
r-release-linux-x86_64 | 1.6-1 | 3.27 | 50.60 | 53.87 | OK | |
r-release-macos-arm64 | 1.6-1 | 33.00 | OK | |||
r-release-macos-x86_64 | 1.6-1 | 77.00 | OK | |||
r-release-windows-x86_64 | 1.6-1 | 10.00 | 124.00 | 134.00 | OK | |
r-oldrel-macos-arm64 | 1.6-1 | 38.00 | OK | |||
r-oldrel-macos-x86_64 | 1.6-1 | 52.00 | OK | |||
r-oldrel-windows-x86_64 | 1.6-1 | 8.00 | 94.00 | 102.00 | OK |
Version: 1.6-1
Check: CRAN incoming feasibility
Result: NOTE
Maintainer: ‘Robin K. S. Hankin <hankin.robin@gmail.com>’
Package CITATION file contains call(s) to old-style personList() or
as.personList(). Please use c() on person objects instead.
Package CITATION file contains call(s) to old-style citEntry(). Please
use bibentry() instead.
Flavors: r-devel-linux-x86_64-debian-clang, r-devel-linux-x86_64-debian-gcc