Last updated on 2025-05-21 04:49:45 CEST.
Flavor | Version | Tinstall | Tcheck | Ttotal | Status | Flags |
---|---|---|---|---|---|---|
r-devel-linux-x86_64-debian-clang | 1.2 | 17.45 | 131.59 | 149.04 | NOTE | |
r-devel-linux-x86_64-debian-gcc | 1.2 | 13.29 | 97.06 | 110.35 | NOTE | |
r-devel-linux-x86_64-fedora-clang | 1.2 | 243.17 | OK | |||
r-devel-linux-x86_64-fedora-gcc | 1.2 | 219.19 | OK | |||
r-devel-windows-x86_64 | 1.2 | 20.00 | 134.00 | 154.00 | OK | |
r-patched-linux-x86_64 | 1.2 | 15.54 | 125.92 | 141.46 | OK | |
r-release-linux-x86_64 | 1.2 | 16.85 | 124.46 | 141.31 | OK | |
r-release-macos-arm64 | 1.2 | 60.00 | OK | |||
r-release-macos-x86_64 | 1.2 | 112.00 | OK | |||
r-release-windows-x86_64 | 1.2 | 19.00 | 136.00 | 155.00 | OK | |
r-oldrel-macos-arm64 | 1.2 | 61.00 | NOTE | |||
r-oldrel-macos-x86_64 | 1.2 | 87.00 | NOTE | |||
r-oldrel-windows-x86_64 | 1.2 | 24.00 | 160.00 | 184.00 | NOTE |
Version: 1.2
Check: CRAN incoming feasibility
Result: NOTE
Maintainer: ‘W. Kyle Hamilton <kyle.hamilton@gmail.com>’
No Authors@R field in DESCRIPTION.
Please add one, modifying
Authors@R: person(given = c("W.", "Kyle"),
family = "Hamilton",
role = c("aut", "cre"),
email = "kyle.hamilton@gmail.com")
as necessary.
Flavors: r-devel-linux-x86_64-debian-clang, r-devel-linux-x86_64-debian-gcc
Version: 1.2
Check: LazyData
Result: NOTE
'LazyData' is specified without a 'data' directory
Flavors: r-oldrel-macos-arm64, r-oldrel-macos-x86_64, r-oldrel-windows-x86_64