CRAN Package Check Results for Package kofnGA

Last updated on 2025-05-21 04:49:44 CEST.

Flavor Version Tinstall Tcheck Ttotal Status Flags
r-devel-linux-x86_64-debian-clang 1.3 2.81 28.20 31.01 OK
r-devel-linux-x86_64-debian-gcc 1.3 2.14 21.39 23.53 OK
r-devel-linux-x86_64-fedora-clang 1.3 48.22 OK
r-devel-linux-x86_64-fedora-gcc 1.3 47.80 OK
r-devel-windows-x86_64 1.3 4.00 56.00 60.00 OK
r-patched-linux-x86_64 1.3 2.85 27.13 29.98 OK
r-release-linux-x86_64 1.3 2.38 27.05 29.43 OK
r-release-macos-arm64 1.3 20.00 OK
r-release-macos-x86_64 1.3 31.00 OK
r-release-windows-x86_64 1.3 4.00 56.00 60.00 OK
r-oldrel-macos-arm64 1.3 18.00 NOTE
r-oldrel-macos-x86_64 1.3 31.00 NOTE
r-oldrel-windows-x86_64 1.3 4.00 52.00 56.00 NOTE

Check Details

Version: 1.3
Check: LazyData
Result: NOTE 'LazyData' is specified without a 'data' directory Flavors: r-oldrel-macos-arm64, r-oldrel-macos-x86_64, r-oldrel-windows-x86_64