Last updated on 2025-05-21 04:49:44 CEST.
Flavor | Version | Tinstall | Tcheck | Ttotal | Status | Flags |
---|---|---|---|---|---|---|
r-devel-linux-x86_64-debian-clang | 0.4.4 | 3.92 | 40.39 | 44.31 | OK | |
r-devel-linux-x86_64-debian-gcc | 0.4.4 | 3.08 | 30.00 | 33.08 | OK | |
r-devel-linux-x86_64-fedora-clang | 0.4.4 | 67.41 | OK | |||
r-devel-linux-x86_64-fedora-gcc | 0.4.4 | 62.67 | OK | |||
r-devel-windows-x86_64 | 0.4.4 | 5.00 | 66.00 | 71.00 | OK | |
r-patched-linux-x86_64 | 0.4.4 | 3.46 | 36.73 | 40.19 | OK | |
r-release-linux-x86_64 | 0.4.4 | 4.12 | 36.50 | 40.62 | OK | |
r-release-macos-arm64 | 0.4.4 | 23.00 | OK | |||
r-release-macos-x86_64 | 0.4.4 | 40.00 | OK | |||
r-release-windows-x86_64 | 0.4.4 | 5.00 | 57.00 | 62.00 | OK | |
r-oldrel-macos-arm64 | 0.4.4 | 25.00 | NOTE | |||
r-oldrel-macos-x86_64 | 0.4.4 | 34.00 | NOTE | |||
r-oldrel-windows-x86_64 | 0.4.4 | 7.00 | 65.00 | 72.00 | NOTE |
Version: 0.4.4
Check: LazyData
Result: NOTE
'LazyData' is specified without a 'data' directory
Flavors: r-oldrel-macos-arm64, r-oldrel-macos-x86_64, r-oldrel-windows-x86_64