CRAN Package Check Results for Package klustR

Last updated on 2025-05-21 04:49:44 CEST.

Flavor Version Tinstall Tcheck Ttotal Status Flags
r-devel-linux-x86_64-debian-clang 0.1.0 2.44 24.95 27.39 OK
r-devel-linux-x86_64-debian-gcc 0.1.0 1.94 19.79 21.73 OK
r-devel-linux-x86_64-fedora-clang 0.1.0 41.19 OK
r-devel-linux-x86_64-fedora-gcc 0.1.0 38.78 OK
r-devel-windows-x86_64 0.1.0 5.00 53.00 58.00 OK
r-patched-linux-x86_64 0.1.0 2.59 23.02 25.61 OK
r-release-linux-x86_64 0.1.0 2.74 22.71 25.45 OK
r-release-macos-arm64 0.1.0 21.00 OK
r-release-macos-x86_64 0.1.0 26.00 OK
r-release-windows-x86_64 0.1.0 4.00 44.00 48.00 OK
r-oldrel-macos-arm64 0.1.0 17.00 NOTE
r-oldrel-macos-x86_64 0.1.0 23.00 NOTE
r-oldrel-windows-x86_64 0.1.0 5.00 49.00 54.00 NOTE

Check Details

Version: 0.1.0
Check: LazyData
Result: NOTE 'LazyData' is specified without a 'data' directory Flavors: r-oldrel-macos-arm64, r-oldrel-macos-x86_64, r-oldrel-windows-x86_64