CRAN Package Check Results for Package invGauss

Last updated on 2025-05-21 04:49:44 CEST.

Flavor Version Tinstall Tcheck Ttotal Status Flags
r-devel-linux-x86_64-debian-clang 1.2 6.80 55.79 62.59 NOTE
r-devel-linux-x86_64-debian-gcc 1.2 5.06 42.19 47.25 NOTE
r-devel-linux-x86_64-fedora-clang 1.2 96.38 OK
r-devel-linux-x86_64-fedora-gcc 1.2 91.53 OK
r-devel-windows-x86_64 1.2 8.00 77.00 85.00 OK
r-patched-linux-x86_64 1.2 7.04 52.89 59.93 OK
r-release-linux-x86_64 1.2 6.81 53.59 60.40 OK
r-release-macos-arm64 1.2 36.00 OK
r-release-macos-x86_64 1.2 77.00 OK
r-release-windows-x86_64 1.2 8.00 73.00 81.00 OK
r-oldrel-macos-arm64 1.2 31.00 OK
r-oldrel-macos-x86_64 1.2 45.00 OK
r-oldrel-windows-x86_64 1.2 10.00 79.00 89.00 OK

Check Details

Version: 1.2
Check: CRAN incoming feasibility
Result: NOTE Maintainer: ‘Hakon K. Gjessing <hakon.gjessing@uib.no>’ No Authors@R field in DESCRIPTION. Please add one, modifying Authors@R: person(given = c("Hakon", "K."), family = "Gjessing", role = c("aut", "cre"), email = "hakon.gjessing@uib.no") as necessary. Flavors: r-devel-linux-x86_64-debian-clang, r-devel-linux-x86_64-debian-gcc