CRAN Package Check Results for Package ider

Last updated on 2025-05-21 04:49:43 CEST.

Flavor Version Tinstall Tcheck Ttotal Status Flags
r-devel-linux-x86_64-debian-clang 0.1.1 3.28 26.86 30.14 NOTE
r-devel-linux-x86_64-debian-gcc 0.1.1 2.30 21.03 23.33 NOTE
r-devel-linux-x86_64-fedora-clang 0.1.1 47.66 OK
r-devel-linux-x86_64-fedora-gcc 0.1.1 46.63 OK
r-devel-windows-x86_64 0.1.1 4.00 61.00 65.00 OK
r-patched-linux-x86_64 0.1.1 2.75 25.71 28.46 OK
r-release-linux-x86_64 0.1.1 3.26 25.84 29.10 OK
r-release-macos-arm64 0.1.1 18.00 OK
r-release-macos-x86_64 0.1.1 37.00 OK
r-release-windows-x86_64 0.1.1 4.00 60.00 64.00 OK
r-oldrel-macos-arm64 0.1.1 19.00 OK
r-oldrel-macos-x86_64 0.1.1 29.00 OK
r-oldrel-windows-x86_64 0.1.1 4.00 52.00 56.00 OK

Check Details

Version: 0.1.1
Check: CRAN incoming feasibility
Result: NOTE Maintainer: ‘Hideitsu Hino <hideitsu.hino@gmail.com>’ No Authors@R field in DESCRIPTION. Please add one, modifying Authors@R: person(given = "Hideitsu", family = "Hino", role = c("aut", "cre"), email = "hideitsu.hino@gmail.com") as necessary. Flavors: r-devel-linux-x86_64-debian-clang, r-devel-linux-x86_64-debian-gcc