Last updated on 2025-05-21 04:49:43 CEST.
Flavor | Version | Tinstall | Tcheck | Ttotal | Status | Flags |
---|---|---|---|---|---|---|
r-devel-linux-x86_64-debian-clang | 0.0.4 | 22.27 | 352.63 | 374.90 | OK | |
r-devel-linux-x86_64-debian-gcc | 0.0.4 | 15.89 | 221.49 | 237.38 | OK | |
r-devel-linux-x86_64-fedora-clang | 0.0.4 | 633.09 | OK | |||
r-devel-linux-x86_64-fedora-gcc | 0.0.4 | 606.01 | OK | |||
r-devel-windows-x86_64 | 0.0.4 | 25.00 | 343.00 | 368.00 | OK | |
r-patched-linux-x86_64 | 0.0.4 | 22.79 | 331.86 | 354.65 | OK | |
r-release-linux-x86_64 | 0.0.4 | 22.88 | 335.57 | 358.45 | OK | |
r-release-macos-arm64 | 0.0.4 | 145.00 | OK | |||
r-release-macos-x86_64 | 0.0.4 | 339.00 | OK | |||
r-release-windows-x86_64 | 0.0.4 | 28.00 | 332.00 | 360.00 | OK | |
r-oldrel-macos-arm64 | 0.0.4 | 152.00 | NOTE | |||
r-oldrel-macos-x86_64 | 0.0.4 | 269.00 | OK | |||
r-oldrel-windows-x86_64 | 0.0.4 | 31.00 | 443.00 | 474.00 | OK |
Version: 0.0.4
Check: installed package size
Result: NOTE
installed size is 5.0Mb
sub-directories of 1Mb or more:
doc 1.6Mb
libs 2.4Mb
Flavor: r-oldrel-macos-arm64