Last updated on 2025-05-21 04:49:42 CEST.
Flavor | Version | Tinstall | Tcheck | Ttotal | Status | Flags |
---|---|---|---|---|---|---|
r-devel-linux-x86_64-debian-clang | 1.0 | 3.85 | 68.34 | 72.19 | NOTE | |
r-devel-linux-x86_64-debian-gcc | 1.0 | 3.80 | 45.90 | 49.70 | NOTE | |
r-devel-linux-x86_64-fedora-clang | 1.0 | 122.75 | NOTE | |||
r-devel-linux-x86_64-fedora-gcc | 1.0 | 109.55 | NOTE | |||
r-devel-windows-x86_64 | 1.0 | 8.00 | 114.00 | 122.00 | NOTE | |
r-patched-linux-x86_64 | 1.0 | 5.08 | 63.88 | 68.96 | NOTE | |
r-release-linux-x86_64 | 1.0 | 3.99 | 63.51 | 67.50 | NOTE | |
r-release-macos-arm64 | 1.0 | 38.00 | NOTE | |||
r-release-macos-x86_64 | 1.0 | 65.00 | NOTE | |||
r-release-windows-x86_64 | 1.0 | 6.00 | 111.00 | 117.00 | NOTE | |
r-oldrel-macos-arm64 | 1.0 | 31.00 | NOTE | |||
r-oldrel-macos-x86_64 | 1.0 | 48.00 | NOTE | |||
r-oldrel-windows-x86_64 | 1.0 | 9.00 | 116.00 | 125.00 | NOTE |
Version: 1.0
Check: Rd files
Result: NOTE
checkRd: (-1) compute_lower_bound_1tree.Rd:31: Lost braces; missing escapes or markup?
31 | instance from vertex 1. Internally, it creates the graph Kn-{v1}
| ^
Flavors: r-devel-linux-x86_64-debian-clang, r-devel-linux-x86_64-debian-gcc, r-devel-linux-x86_64-fedora-clang, r-devel-linux-x86_64-fedora-gcc, r-devel-windows-x86_64, r-patched-linux-x86_64, r-release-linux-x86_64, r-release-macos-arm64, r-release-macos-x86_64, r-release-windows-x86_64, r-oldrel-macos-arm64, r-oldrel-macos-x86_64, r-oldrel-windows-x86_64
Version: 1.0
Check: Rd cross-references
Result: NOTE
Found the following Rd file(s) with Rd \link{} targets missing package
anchors:
apply_incidence_map.Rd: as_edgelist
compute_cut_weight.Rd: as_edgelist
compute_lower_bound_1tree.Rd: mst, igraph
dfs_tree.Rd: bfs, dfs
dijk.Rd: shortest_paths, igraph
generate_fundamental_cycles.Rd: as_edgelist
gor.Rd: igraph
is_cover.Rd: as_edgelist
shave_cycle.Rd: as_edgelist
Please provide package anchors for all Rd \link{} targets not in the
package itself and the base packages.
Flavors: r-devel-linux-x86_64-debian-clang, r-devel-linux-x86_64-debian-gcc, r-devel-windows-x86_64, r-patched-linux-x86_64, r-release-linux-x86_64, r-release-windows-x86_64