Last updated on 2025-05-21 04:49:42 CEST.
Flavor | Version | Tinstall | Tcheck | Ttotal | Status | Flags |
---|---|---|---|---|---|---|
r-devel-linux-x86_64-debian-clang | 0.8.0 | 4.08 | 42.34 | 46.42 | NOTE | |
r-devel-linux-x86_64-debian-gcc | 0.8.0 | 3.60 | 32.95 | 36.55 | NOTE | |
r-devel-linux-x86_64-fedora-clang | 0.8.0 | 76.99 | NOTE | |||
r-devel-linux-x86_64-fedora-gcc | 0.8.0 | 72.83 | NOTE | |||
r-devel-windows-x86_64 | 0.8.0 | 8.00 | 78.00 | 86.00 | NOTE | |
r-patched-linux-x86_64 | 0.8.0 | 5.47 | 40.46 | 45.93 | NOTE | |
r-release-linux-x86_64 | 0.8.0 | 4.54 | 40.72 | 45.26 | NOTE | |
r-release-macos-arm64 | 0.8.0 | 26.00 | NOTE | |||
r-release-macos-x86_64 | 0.8.0 | 42.00 | NOTE | |||
r-release-windows-x86_64 | 0.8.0 | 8.00 | 84.00 | 92.00 | NOTE | |
r-oldrel-macos-arm64 | 0.8.0 | 29.00 | OK | |||
r-oldrel-macos-x86_64 | 0.8.0 | 45.00 | OK | |||
r-oldrel-windows-x86_64 | 0.8.0 | 10.00 | 76.00 | 86.00 | OK |
Version: 0.8.0
Check: DESCRIPTION meta-information
Result: NOTE
Missing dependency on R >= 4.1.0 because package code uses the pipe
|> or function shorthand \(...) syntax added in R 4.1.0.
File(s) using such syntax:
‘plot.precision.Rd’ ‘ridge.R’
Flavors: r-devel-linux-x86_64-debian-clang, r-devel-linux-x86_64-debian-gcc, r-devel-linux-x86_64-fedora-clang, r-devel-linux-x86_64-fedora-gcc, r-devel-windows-x86_64, r-patched-linux-x86_64, r-release-linux-x86_64, r-release-macos-arm64, r-release-windows-x86_64
Version: 0.8.0
Check: DESCRIPTION meta-information
Result: NOTE
Missing dependency on R >= 4.1.0 because package code uses the pipe
|> or function shorthand \(...) syntax added in R 4.1.0.
File(s) using such syntax:
‘ridge.R’
Flavor: r-release-macos-x86_64