CRAN Package Check Results for Package gencor

Last updated on 2025-05-21 04:49:42 CEST.

Flavor Version Tinstall Tcheck Ttotal Status Flags
r-devel-linux-x86_64-debian-clang 1.0.2 1.82 18.75 20.57 NOTE
r-devel-linux-x86_64-debian-gcc 1.0.2 1.24 15.67 16.91 NOTE
r-devel-linux-x86_64-fedora-clang 1.0.2 32.37 OK
r-devel-linux-x86_64-fedora-gcc 1.0.2 30.56 OK
r-devel-windows-x86_64 1.0.2 3.00 48.00 51.00 OK
r-patched-linux-x86_64 1.0.2 1.64 17.90 19.54 OK
r-release-linux-x86_64 1.0.2 1.77 18.24 20.01 OK
r-release-macos-arm64 1.0.2 17.00 OK
r-release-macos-x86_64 1.0.2 24.00 OK
r-release-windows-x86_64 1.0.2 3.00 49.00 52.00 OK
r-oldrel-macos-arm64 1.0.2 14.00 OK
r-oldrel-macos-x86_64 1.0.2 23.00 OK
r-oldrel-windows-x86_64 1.0.2 4.00 43.00 47.00 OK

Check Details

Version: 1.0.2
Check: CRAN incoming feasibility
Result: NOTE Maintainer: ‘Helgem de Souza Ribeiro Martins <helgem.souza@gmail.com>’ No Authors@R field in DESCRIPTION. Please add one, modifying Authors@R: c(person(given = c("Helgem", "de", "Souza", "Ribeiro"), family = "Martins", role = c("aut", "cre"), email = "helgem.souza@gmail.com"), person(given = c("Anderson", "Ribeiro"), family = "Duarte", role = "aut")) as necessary. Flavors: r-devel-linux-x86_64-debian-clang, r-devel-linux-x86_64-debian-gcc