CRAN Package Check Results for Package gcmr

Last updated on 2025-05-21 04:49:42 CEST.

Flavor Version Tinstall Tcheck Ttotal Status Flags
r-devel-linux-x86_64-debian-clang 1.0.4 6.51 63.14 69.65 OK
r-devel-linux-x86_64-debian-gcc 1.0.4 4.96 46.27 51.23 OK
r-devel-linux-x86_64-fedora-clang 1.0.4 109.44 OK
r-devel-linux-x86_64-fedora-gcc 1.0.4 105.38 OK
r-devel-windows-x86_64 1.0.4 13.00 94.00 107.00 OK
r-patched-linux-x86_64 1.0.3 8.05 60.25 68.30 NOTE
r-release-linux-x86_64 1.0.4 7.75 59.45 67.20 OK
r-release-macos-arm64 1.0.4 31.00 OK
r-release-macos-x86_64 1.0.4 67.00 OK
r-release-windows-x86_64 1.0.4 12.00 81.00 93.00 OK
r-oldrel-macos-arm64 1.0.4 44.00 OK
r-oldrel-macos-x86_64 1.0.4 74.00 OK
r-oldrel-windows-x86_64 1.0.3 13.00 100.00 113.00 NOTE

Check Details

Version: 1.0.3
Check: Rd files
Result: NOTE checkRd: (-1) matern.cormat.Rd:17: Lost braces; missing escapes or markup? 17 | value of the shape parameter of the Matern correlation class. The default {alpha = 0.5} corresponds to an exponential correlation model. | ^ Flavors: r-patched-linux-x86_64, r-oldrel-windows-x86_64

Version: 1.0.3
Check: Rd cross-references
Result: NOTE Found the following Rd file(s) with Rd \link{} targets missing package anchors: cluster.cormat.Rd: nlme gcmr.Rd: betareg, Formula gs.marg.Rd: betareg plot.gcmr.Rd: qqPlot summary.gcmr.Rd: bread, estfun, sandwich Please provide package anchors for all Rd \link{} targets not in the package itself and the base packages. Flavor: r-patched-linux-x86_64