Last updated on 2025-05-21 04:49:42 CEST.
Flavor | Version | Tinstall | Tcheck | Ttotal | Status | Flags |
---|---|---|---|---|---|---|
r-devel-linux-x86_64-debian-clang | 0.7.0 | 474.23 | 171.28 | 645.51 | OK | |
r-devel-linux-x86_64-debian-gcc | 0.7.0 | 424.82 | 159.75 | 584.57 | OK | |
r-devel-linux-x86_64-fedora-clang | 0.7.0 | 966.12 | OK | |||
r-devel-linux-x86_64-fedora-gcc | 0.7.0 | 1432.86 | OK | |||
r-devel-windows-x86_64 | 0.7.0 | 511.00 | 254.00 | 765.00 | OK | |
r-patched-linux-x86_64 | 0.7.0 | 563.77 | 214.98 | 778.75 | OK | |
r-release-linux-x86_64 | 0.7.0 | 539.71 | 212.97 | 752.68 | OK | |
r-release-macos-arm64 | 0.7.0 | 268.00 | OK | |||
r-release-macos-x86_64 | 0.7.0 | 304.00 | OK | |||
r-release-windows-x86_64 | 0.7.0 | 515.00 | 244.00 | 759.00 | OK | |
r-oldrel-macos-arm64 | 0.7.0 | 147.00 | NOTE | |||
r-oldrel-macos-x86_64 | 0.7.0 | 156.00 | NOTE | |||
r-oldrel-windows-x86_64 | 0.7.0 | 577.00 | 302.00 | 879.00 | OK |
Version: 0.7.0
Check: installed package size
Result: NOTE
installed size is 112.1Mb
sub-directories of 1Mb or more:
libs 111.6Mb
Flavors: r-oldrel-macos-arm64, r-oldrel-macos-x86_64
Version: 0.7.0
Check: for GNU extensions in Makefiles
Result: NOTE
GNU make is a SystemRequirements.
Flavors: r-oldrel-macos-arm64, r-oldrel-macos-x86_64