CRAN Package Check Results for Package froggeR

Last updated on 2025-05-21 04:49:41 CEST.

Flavor Version Tinstall Tcheck Ttotal Status Flags
r-devel-linux-x86_64-debian-clang 0.4.0 6.22 58.71 64.93 OK
r-devel-linux-x86_64-debian-gcc 0.4.0 4.59 43.18 47.77 OK
r-devel-linux-x86_64-fedora-clang 0.4.0 97.57 OK
r-devel-linux-x86_64-fedora-gcc 0.4.0 106.55 OK
r-devel-windows-x86_64 0.4.0 8.00 88.00 96.00 OK
r-patched-linux-x86_64 0.4.0 6.32 52.81 59.13 OK
r-release-linux-x86_64 0.4.0 5.98 52.68 58.66 OK
r-release-macos-arm64 0.4.0 7.00 ERROR
r-release-macos-x86_64 0.4.0 96.00 ERROR
r-release-windows-x86_64 0.4.0 8.00 89.00 97.00 OK
r-oldrel-macos-arm64 0.4.0 55.00 ERROR
r-oldrel-macos-x86_64 0.4.0 86.00 ERROR
r-oldrel-windows-x86_64 0.4.0 11.00 88.00 99.00 OK

Check Details

Version: 0.4.0
Check: whether package can be installed
Result: ERROR Installation failed. Flavor: r-release-macos-arm64

Version: 0.4.0
Check: examples
Result: ERROR Running examples in ‘froggeR-Ex.R’ failed The error most likely occurred in: > ### Name: quarto_project > ### Title: Create a Custom 'Quarto' Project > ### Aliases: quarto_project > > ### ** Examples > > if (quarto::quarto_version() >= "1.4") { + # Create a temporary directory for testing + tmp_dir <- tempdir() + + # Create the Quarto project with custom YAML & associated files + quarto_project("frogs", path = tempdir(), custom_yaml = TRUE) + + # Confirms files were created (optional, for user confirmation) + file.exists(file.path(tmp_dir, "frogs.rproj")) # Rproj file + file.exists(file.path(tmp_dir, "frog.qmd")) # Quarto doc + file.exists(file.path(tmp_dir, "_quarto.yml")) # project YAML file + + # Create a new Quarto project with standard Quarto YAML + # quarto_project('frogs_standard', path = tempdir(), custom_yaml = FALSE) + + # Clean up: Remove the created temp directory and all files + unlink(list.files(tempdir(), full.names = TRUE), recursive = TRUE) + } Error in `find_quarto()`: ! Quarto command-line tools path not found! Please make sure you have installed and added Quarto to your PATH or set the QUARTO_PATH environment variable. Backtrace: ▆ 1. └─quarto::quarto_version() 2. └─quarto:::find_quarto() 3. └─cli::cli_abort(quarto_not_found_msg) 4. └─rlang::abort(...) Execution halted Flavors: r-release-macos-x86_64, r-oldrel-macos-arm64, r-oldrel-macos-x86_64