Last updated on 2025-05-21 04:49:41 CEST.
Flavor | Version | Tinstall | Tcheck | Ttotal | Status | Flags |
---|---|---|---|---|---|---|
r-devel-linux-x86_64-debian-clang | 2.0.5 | 2.66 | 31.50 | 34.16 | NOTE | |
r-devel-linux-x86_64-debian-gcc | 2.0.5 | 2.02 | 23.37 | 25.39 | NOTE | |
r-devel-linux-x86_64-fedora-clang | 2.0.5 | 54.69 | OK | |||
r-devel-linux-x86_64-fedora-gcc | 2.0.5 | 51.04 | OK | |||
r-devel-windows-x86_64 | 2.0.5 | 5.00 | 62.00 | 67.00 | OK | |
r-patched-linux-x86_64 | 2.0.5 | 3.44 | 30.00 | 33.44 | OK | |
r-release-linux-x86_64 | 2.0.5 | 2.68 | 30.49 | 33.17 | OK | |
r-release-macos-arm64 | 2.0.5 | 20.00 | OK | |||
r-release-macos-x86_64 | 2.0.5 | 34.00 | OK | |||
r-release-windows-x86_64 | 2.0.5 | 4.00 | 64.00 | 68.00 | OK | |
r-oldrel-macos-arm64 | 2.0.5 | 23.00 | OK | |||
r-oldrel-macos-x86_64 | 2.0.5 | 26.00 | OK | |||
r-oldrel-windows-x86_64 | 2.0.5 | 4.00 | 61.00 | 65.00 | OK |
Version: 2.0.5
Check: CRAN incoming feasibility
Result: NOTE
Maintainer: ‘Kidzinski L. <lukasz.kidzinski@stanford.edu>’
No Authors@R field in DESCRIPTION.
Please add one, modifying
Authors@R: c(person(given = "Hormann",
family = "S.",
role = "aut"),
person(given = "Kidzinski",
family = "L.",
role = c("aut", "cre"),
email = "lukasz.kidzinski@stanford.edu"))
as necessary.
Flavors: r-devel-linux-x86_64-debian-clang, r-devel-linux-x86_64-debian-gcc