CRAN Package Check Results for Package faq

Last updated on 2025-05-20 03:50:10 CEST.

Flavor Version Tinstall Tcheck Ttotal Status Flags
r-devel-linux-x86_64-debian-clang 0.1.1 2.00 28.08 30.08 OK
r-devel-linux-x86_64-debian-gcc 0.1.1 1.71 22.87 24.58 OK
r-devel-linux-x86_64-fedora-clang 0.1.1 47.43 OK
r-devel-linux-x86_64-fedora-gcc 0.1.1 59.89 OK
r-devel-windows-x86_64 0.1.1 5.00 95.00 100.00 OK
r-patched-linux-x86_64 0.1.1 2.30 26.51 28.81 OK
r-release-linux-x86_64 0.1.1 2.40 26.10 28.50 OK
r-release-macos-arm64 0.1.1 38.00 OK
r-release-macos-x86_64 0.1.1 45.00 OK
r-release-windows-x86_64 0.1.1 4.00 54.00 58.00 OK
r-oldrel-macos-arm64 0.1.1 24.00 NOTE
r-oldrel-macos-x86_64 0.1.1 37.00 NOTE
r-oldrel-windows-x86_64 0.1.1 4.00 56.00 60.00 NOTE

Check Details

Version: 0.1.1
Check: LazyData
Result: NOTE 'LazyData' is specified without a 'data' directory Flavors: r-oldrel-macos-arm64, r-oldrel-macos-x86_64, r-oldrel-windows-x86_64