Last updated on 2025-05-21 04:49:41 CEST.
Flavor | Version | Tinstall | Tcheck | Ttotal | Status | Flags |
---|---|---|---|---|---|---|
r-devel-linux-x86_64-debian-clang | 1.0.0 | 12.47 | 536.45 | 548.92 | NOTE | |
r-devel-linux-x86_64-debian-gcc | 1.0.0 | 8.18 | 303.99 | 312.17 | NOTE | |
r-devel-linux-x86_64-fedora-clang | 1.0.0 | 862.27 | OK | |||
r-devel-linux-x86_64-fedora-gcc | 1.0.0 | 860.83 | OK | |||
r-devel-windows-x86_64 | 1.0.0 | 13.00 | 460.00 | 473.00 | OK | |
r-patched-linux-x86_64 | 1.0.0 | 10.97 | 500.94 | 511.91 | OK | |
r-release-linux-x86_64 | 1.0.0 | 10.99 | 512.22 | 523.21 | OK | |
r-release-macos-arm64 | 1.0.0 | 315.00 | OK | |||
r-release-macos-x86_64 | 1.0.0 | 498.00 | OK | |||
r-release-windows-x86_64 | 1.0.0 | 14.00 | 461.00 | 475.00 | OK | |
r-oldrel-macos-arm64 | 1.0.0 | 208.00 | OK | |||
r-oldrel-macos-x86_64 | 1.0.0 | 352.00 | OK | |||
r-oldrel-windows-x86_64 | 1.0.0 | 16.00 | 632.00 | 648.00 | OK |
Version: 1.0.0
Check: CRAN incoming feasibility
Result: NOTE
Maintainer: ‘Salil Koner <salil.koner@duke.edu>’
The Description field contains
(2023) <arXiv:2302.05612> respectively.
Please refer to arXiv e-prints via their arXiv DOI <doi:10.48550/arXiv.YYMM.NNNNN>.
Flavors: r-devel-linux-x86_64-debian-clang, r-devel-linux-x86_64-debian-gcc