Last updated on 2025-05-21 04:49:40 CEST.
Flavor | Version | Tinstall | Tcheck | Ttotal | Status | Flags |
---|---|---|---|---|---|---|
r-devel-linux-x86_64-debian-clang | 1.0.0 | 196.77 | 115.65 | 312.42 | OK | |
r-devel-linux-x86_64-debian-gcc | 1.0.0 | 161.07 | 76.28 | 237.35 | OK | |
r-devel-linux-x86_64-fedora-clang | 1.0.0 | 489.69 | OK | |||
r-devel-linux-x86_64-fedora-gcc | 1.0.0 | 673.11 | OK | |||
r-devel-windows-x86_64 | 1.0.0 | 221.00 | 176.00 | 397.00 | OK | |
r-patched-linux-x86_64 | 1.0.0 | 225.79 | 106.60 | 332.39 | OK | |
r-release-linux-x86_64 | 1.0.0 | 211.40 | 107.12 | 318.52 | OK | |
r-release-macos-arm64 | 1.0.0 | 125.00 | OK | |||
r-release-macos-x86_64 | 1.0.0 | 216.00 | OK | |||
r-release-windows-x86_64 | 1.0.0 | 219.00 | 156.00 | 375.00 | OK | |
r-oldrel-macos-arm64 | 1.0.0 | 159.00 | NOTE | |||
r-oldrel-macos-x86_64 | 1.0.0 | 194.00 | NOTE | |||
r-oldrel-windows-x86_64 | 1.0.0 | 271.00 | 203.00 | 474.00 | OK |
Version: 1.0.0
Check: installed package size
Result: NOTE
installed size is 30.5Mb
sub-directories of 1Mb or more:
libs 29.7Mb
Flavors: r-oldrel-macos-arm64, r-oldrel-macos-x86_64