Last updated on 2025-05-21 04:49:39 CEST.
Flavor | Version | Tinstall | Tcheck | Ttotal | Status | Flags |
---|---|---|---|---|---|---|
r-devel-linux-x86_64-debian-clang | 0.0.3 | 5.55 | 131.35 | 136.90 | NOTE | |
r-devel-linux-x86_64-debian-gcc | 0.0.3 | 3.30 | 93.95 | 97.25 | NOTE | |
r-devel-linux-x86_64-fedora-clang | 0.0.3 | 196.34 | NOTE | |||
r-devel-linux-x86_64-fedora-gcc | 0.0.3 | 207.92 | NOTE | |||
r-devel-windows-x86_64 | 0.0.3 | 7.00 | 122.00 | 129.00 | NOTE | |
r-patched-linux-x86_64 | 0.0.3 | 4.97 | 122.33 | 127.30 | NOTE | |
r-release-linux-x86_64 | 0.0.3 | 5.13 | 121.91 | 127.04 | NOTE | |
r-release-macos-arm64 | 0.0.3 | 79.00 | NOTE | |||
r-release-macos-x86_64 | 0.0.3 | 109.00 | NOTE | |||
r-release-windows-x86_64 | 0.0.3 | 7.00 | 110.00 | 117.00 | NOTE | |
r-oldrel-macos-arm64 | 0.0.3 | 55.00 | OK | |||
r-oldrel-macos-x86_64 | 0.0.3 | 86.00 | OK | |||
r-oldrel-windows-x86_64 | 0.0.3 | 8.00 | 137.00 | 145.00 | OK |
Version: 0.0.3
Check: DESCRIPTION meta-information
Result: NOTE
Missing dependency on R >= 4.1.0 because package code uses the pipe
|> or function shorthand \(...) syntax added in R 4.1.0.
File(s) using such syntax:
‘scale_duke_color_discrete.Rd’ ‘scale_duke_fill_discrete.Rd’
Flavors: r-devel-linux-x86_64-debian-clang, r-devel-linux-x86_64-debian-gcc, r-devel-linux-x86_64-fedora-clang, r-devel-linux-x86_64-fedora-gcc, r-devel-windows-x86_64, r-patched-linux-x86_64, r-release-linux-x86_64, r-release-macos-arm64, r-release-macos-x86_64, r-release-windows-x86_64