Last updated on 2025-05-21 04:49:39 CEST.
Flavor | Version | Tinstall | Tcheck | Ttotal | Status | Flags |
---|---|---|---|---|---|---|
r-devel-linux-x86_64-debian-clang | 1.7.4 | 18.21 | 66.57 | 84.78 | NOTE | |
r-devel-linux-x86_64-debian-gcc | 1.7.4 | 14.70 | 48.45 | 63.15 | NOTE | |
r-devel-linux-x86_64-fedora-clang | 1.7.4 | 142.33 | NOTE | |||
r-devel-linux-x86_64-fedora-gcc | 1.7.4 | 158.66 | NOTE | |||
r-devel-windows-x86_64 | 1.7.4 | 26.00 | 123.00 | 149.00 | NOTE | |
r-patched-linux-x86_64 | 1.7.4 | 20.65 | 62.52 | 83.17 | NOTE | |
r-release-linux-x86_64 | 1.7.4 | 19.74 | 62.84 | 82.58 | NOTE | |
r-release-macos-arm64 | 1.7.4 | 56.00 | NOTE | |||
r-release-macos-x86_64 | 1.7.4 | 89.00 | NOTE | |||
r-release-windows-x86_64 | 1.7.4 | 24.00 | 110.00 | 134.00 | NOTE | |
r-oldrel-macos-arm64 | 1.7.4 | 52.00 | NOTE | |||
r-oldrel-macos-x86_64 | 1.7.4 | 70.00 | NOTE | |||
r-oldrel-windows-x86_64 | 1.7.4 | 21.00 | 128.00 | 149.00 | NOTE |
Version: 1.7.4
Check: C++ specification
Result: NOTE
Specified C++11: please drop specification unless essential
Flavors: r-devel-linux-x86_64-debian-clang, r-devel-linux-x86_64-debian-gcc, r-devel-linux-x86_64-fedora-clang, r-devel-linux-x86_64-fedora-gcc, r-devel-windows-x86_64, r-patched-linux-x86_64, r-release-linux-x86_64, r-release-macos-arm64, r-release-macos-x86_64, r-release-windows-x86_64, r-oldrel-macos-arm64, r-oldrel-macos-x86_64, r-oldrel-windows-x86_64