CRAN Package Check Results for Package discfrail

Last updated on 2025-05-21 04:49:39 CEST.

Flavor Version Tinstall Tcheck Ttotal Status Flags
r-devel-linux-x86_64-debian-clang 0.1 8.40 89.49 97.89 NOTE
r-devel-linux-x86_64-debian-gcc 0.1 5.15 66.87 72.02 NOTE
r-devel-linux-x86_64-fedora-clang 0.1 154.37 OK
r-devel-linux-x86_64-fedora-gcc 0.1 165.99 OK
r-devel-windows-x86_64 0.1 8.00 142.00 150.00 NOTE
r-patched-linux-x86_64 0.1 8.24 86.95 95.19 NOTE
r-release-linux-x86_64 0.1 8.24 86.81 95.05 NOTE
r-release-macos-arm64 0.1 66.00 OK
r-release-macos-x86_64 0.1 111.00 OK
r-release-windows-x86_64 0.1 9.00 155.00 164.00 NOTE
r-oldrel-macos-arm64 0.1 54.00 OK
r-oldrel-macos-x86_64 0.1 83.00 OK
r-oldrel-windows-x86_64 0.1 11.00 148.00 159.00 OK

Check Details

Version: 0.1
Check: Rd cross-references
Result: NOTE Found the following Rd file(s) with Rd \link{} targets missing package anchors: nelsonaalen_npdf.Rd: survfit npdf_cox.Rd: Surv plot.npdf.Rd: survfit.formula, plot.survfit survfit_npdf.Rd: survfit.formula Please provide package anchors for all Rd \link{} targets not in the package itself and the base packages. Flavors: r-devel-linux-x86_64-debian-clang, r-devel-linux-x86_64-debian-gcc, r-devel-windows-x86_64, r-patched-linux-x86_64, r-release-linux-x86_64, r-release-windows-x86_64