Last updated on 2025-05-21 04:49:39 CEST.
Flavor | Version | Tinstall | Tcheck | Ttotal | Status | Flags |
---|---|---|---|---|---|---|
r-devel-linux-x86_64-debian-clang | 1.2.0 | 32.58 | 41.04 | 73.62 | NOTE | |
r-devel-linux-x86_64-debian-gcc | 1.2.0 | 27.32 | 31.77 | 59.09 | NOTE | |
r-devel-linux-x86_64-fedora-clang | 1.2.0 | 129.67 | OK | |||
r-devel-linux-x86_64-fedora-gcc | 1.2.0 | 142.14 | OK | |||
r-devel-windows-x86_64 | 1.2.0 | 42.00 | 94.00 | 136.00 | OK | |
r-patched-linux-x86_64 | 1.2.0 | 35.72 | 39.04 | 74.76 | OK | |
r-release-linux-x86_64 | 1.2.0 | 35.40 | 39.33 | 74.73 | OK | |
r-release-macos-arm64 | 1.2.0 | 38.00 | OK | |||
r-release-macos-x86_64 | 1.2.0 | 58.00 | OK | |||
r-release-windows-x86_64 | 1.2.0 | 37.00 | 96.00 | 133.00 | OK | |
r-oldrel-macos-arm64 | 1.2.0 | 38.00 | OK | |||
r-oldrel-macos-x86_64 | 1.2.0 | 58.00 | OK | |||
r-oldrel-windows-x86_64 | 1.2.0 | 36.00 | 96.00 | 132.00 | OK |
Version: 1.2.0
Check: CRAN incoming feasibility
Result: NOTE
Maintainer: ‘Giovanna Capizzi <giovanna.capizzi@unipd.it>’
No Authors@R field in DESCRIPTION.
Please add one, modifying
Authors@R: c(person(given = "Giovanna",
family = "Capizzi",
role = c("aut", "cre"),
email = "giovanna.capizzi@unipd.it"),
person(given = "Guido",
family = "Masarotto",
role = "aut"))
as necessary.
Flavors: r-devel-linux-x86_64-debian-clang, r-devel-linux-x86_64-debian-gcc