CRAN Package Check Results for Package demoKde

Last updated on 2025-05-21 04:49:39 CEST.

Flavor Version Tinstall Tcheck Ttotal Status Flags
r-devel-linux-x86_64-debian-clang 1.0.1 1.69 17.17 18.86 NOTE
r-devel-linux-x86_64-debian-gcc 1.0.1 1.43 14.28 15.71 NOTE
r-devel-linux-x86_64-fedora-clang 1.0.1 29.17 OK
r-devel-linux-x86_64-fedora-gcc 1.0.1 27.70 OK
r-devel-windows-x86_64 1.0.1 4.00 45.00 49.00 OK
r-patched-linux-x86_64 1.0.1 1.73 16.29 18.02 OK
r-release-linux-x86_64 1.0.1 1.24 16.31 17.55 OK
r-release-macos-arm64 1.0.1 16.00 OK
r-release-macos-x86_64 1.0.1 24.00 OK
r-release-windows-x86_64 1.0.1 3.00 52.00 55.00 OK
r-oldrel-macos-arm64 1.0.1 14.00 OK
r-oldrel-macos-x86_64 1.0.1 21.00 OK
r-oldrel-windows-x86_64 1.0.1 4.00 41.00 45.00 OK

Check Details

Version: 1.0.1
Check: CRAN incoming feasibility
Result: NOTE Maintainer: ‘Bill Venables <Bill.Venables@gmail.com>’ No Authors@R field in DESCRIPTION. Please add one, modifying Authors@R: person(given = "Bill", family = "Venables", role = c("aut", "cre"), email = "bill.venables@gmail.com") as necessary. Flavors: r-devel-linux-x86_64-debian-clang, r-devel-linux-x86_64-debian-gcc