Last updated on 2025-05-20 03:50:08 CEST.
Flavor | Version | Tinstall | Tcheck | Ttotal | Status | Flags |
---|---|---|---|---|---|---|
r-devel-linux-x86_64-debian-clang | 1.3.0 | 13.68 | 210.53 | 224.21 | NOTE | |
r-devel-linux-x86_64-debian-gcc | 1.3.0 | 9.74 | 155.01 | 164.75 | NOTE | |
r-devel-linux-x86_64-fedora-clang | 1.3.0 | 351.25 | OK | |||
r-devel-linux-x86_64-fedora-gcc | 1.3.0 | 362.60 | OK | |||
r-devel-windows-x86_64 | 1.3.0 | 13.00 | 280.00 | 293.00 | NOTE | |
r-patched-linux-x86_64 | 1.3.0 | 13.52 | 208.10 | 221.62 | NOTE | |
r-release-linux-x86_64 | 1.3.0 | 12.48 | 206.80 | 219.28 | NOTE | |
r-release-macos-arm64 | 1.3.0 | 160.00 | OK | |||
r-release-macos-x86_64 | 1.3.0 | 384.00 | OK | |||
r-release-windows-x86_64 | 1.3.0 | 15.00 | 296.00 | 311.00 | NOTE | |
r-oldrel-macos-arm64 | 1.3.0 | 160.00 | OK | |||
r-oldrel-macos-x86_64 | 1.3.0 | 226.00 | OK | |||
r-oldrel-windows-x86_64 | 1.3.0 | 16.00 | 283.00 | 299.00 | OK |
Version: 1.3.0
Check: Rd cross-references
Result: NOTE
Found the following Rd file(s) with Rd \link{} targets missing package
anchors:
dNTD.Rd: plotTensor3D
dNTF.Rd: plotTensor3D
Please provide package anchors for all Rd \link{} targets not in the
package itself and the base packages.
Flavors: r-devel-linux-x86_64-debian-clang, r-devel-linux-x86_64-debian-gcc, r-devel-windows-x86_64, r-patched-linux-x86_64, r-release-linux-x86_64, r-release-windows-x86_64