Last updated on 2025-05-21 04:49:37 CEST.
Flavor | Version | Tinstall | Tcheck | Ttotal | Status | Flags |
---|---|---|---|---|---|---|
r-devel-linux-x86_64-debian-clang | 2.6.5 | 12.17 | 96.84 | 109.01 | NOTE | |
r-devel-linux-x86_64-debian-gcc | 2.6.5 | 10.34 | 68.77 | 79.11 | NOTE | |
r-devel-linux-x86_64-fedora-clang | 2.6.5 | 176.62 | OK | |||
r-devel-linux-x86_64-fedora-gcc | 2.6.5 | 164.21 | OK | |||
r-devel-windows-x86_64 | 2.6.5 | 14.00 | 110.00 | 124.00 | OK | |
r-patched-linux-x86_64 | 2.6.5 | 11.61 | 92.31 | 103.92 | OK | |
r-release-linux-x86_64 | 2.6.5 | 12.94 | 92.06 | 105.00 | OK | |
r-release-macos-arm64 | 2.6.5 | 48.00 | OK | |||
r-release-macos-x86_64 | 2.6.5 | 97.00 | OK | |||
r-release-windows-x86_64 | 2.6.5 | 15.00 | 111.00 | 126.00 | OK | |
r-oldrel-macos-arm64 | 2.6.5 | 49.00 | OK | |||
r-oldrel-macos-x86_64 | 2.6.5 | 70.00 | OK | |||
r-oldrel-windows-x86_64 | 2.6.5 | 18.00 | 127.00 | 145.00 | OK |
Version: 2.6.5
Check: CRAN incoming feasibility
Result: NOTE
Maintainer: ‘Justin Esarey <justin@justinesarey.com>’
Package CITATION file contains call(s) to old-style personList() or
as.personList(). Please use c() on person objects instead.
Package CITATION file contains call(s) to old-style citEntry(). Please
use bibentry() instead.
Flavors: r-devel-linux-x86_64-debian-clang, r-devel-linux-x86_64-debian-gcc