Last updated on 2025-05-21 04:49:37 CEST.
Flavor | Version | Tinstall | Tcheck | Ttotal | Status | Flags |
---|---|---|---|---|---|---|
r-devel-linux-x86_64-debian-clang | 0.4-1 | 4.59 | 44.40 | 48.99 | OK | |
r-devel-linux-x86_64-debian-gcc | 0.4-1 | 3.52 | 32.72 | 36.24 | OK | |
r-devel-linux-x86_64-fedora-clang | 0.4-1 | 76.96 | OK | |||
r-devel-linux-x86_64-fedora-gcc | 0.4-1 | 86.25 | OK | |||
r-devel-windows-x86_64 | 0.4-1 | 6.00 | 75.00 | 81.00 | OK | |
r-patched-linux-x86_64 | 0.4-1 | 4.90 | 41.27 | 46.17 | OK | |
r-release-linux-x86_64 | 0.4-1 | 4.97 | 41.24 | 46.21 | OK | |
r-release-macos-arm64 | 0.4-1 | 30.00 | OK | |||
r-release-macos-x86_64 | 0.4-1 | 62.00 | OK | |||
r-release-windows-x86_64 | 0.4-1 | 7.00 | 64.00 | 71.00 | OK | |
r-oldrel-macos-arm64 | 0.4-1 | 39.00 | NOTE | |||
r-oldrel-macos-x86_64 | 0.4-1 | 46.00 | NOTE | |||
r-oldrel-windows-x86_64 | 0.4-1 | 8.00 | 73.00 | 81.00 | NOTE |
Version: 0.4-1
Check: LazyData
Result: NOTE
'LazyData' is specified without a 'data' directory
Flavors: r-oldrel-macos-arm64, r-oldrel-macos-x86_64, r-oldrel-windows-x86_64