Last updated on 2025-05-21 04:49:37 CEST.
Flavor | Version | Tinstall | Tcheck | Ttotal | Status | Flags |
---|---|---|---|---|---|---|
r-devel-linux-x86_64-debian-clang | 2.0 | 7.58 | 59.49 | 67.07 | NOTE | |
r-devel-linux-x86_64-debian-gcc | 2.0 | 6.02 | 45.55 | 51.57 | NOTE | |
r-devel-linux-x86_64-fedora-clang | 2.0 | 102.82 | NOTE | |||
r-devel-linux-x86_64-fedora-gcc | 2.0 | 98.31 | NOTE | |||
r-devel-windows-x86_64 | 2.0 | 8.00 | 81.00 | 89.00 | NOTE | |
r-patched-linux-x86_64 | 2.0 | 7.58 | 56.72 | 64.30 | NOTE | |
r-release-linux-x86_64 | 2.0 | 6.53 | 57.59 | 64.12 | NOTE | |
r-release-macos-arm64 | 2.0 | 35.00 | NOTE | |||
r-release-macos-x86_64 | 2.0 | 100.00 | NOTE | |||
r-release-windows-x86_64 | 2.0 | 8.00 | 93.00 | 101.00 | NOTE | |
r-oldrel-macos-arm64 | 2.0 | 31.00 | NOTE | |||
r-oldrel-macos-x86_64 | 2.0 | 57.00 | NOTE | |||
r-oldrel-windows-x86_64 | 2.0 | 10.00 | 82.00 | 92.00 | NOTE |
Version: 2.0
Check: CRAN incoming feasibility
Result: NOTE
Maintainer: ‘Yan Li <YanLi_stats@hotmail.com>’
No Authors@R field in DESCRIPTION.
Please add one, modifying
Authors@R: c(person(given = "Yan",
family = "Li",
role = c("aut", "cre"),
email = "yanli_stats@hotmail.com"),
person(given = "Yang",
family = "Li",
role = "aut"),
person(given = "Yichen",
family = "Qin",
role = "aut"),
person(given = "Jun",
family = "yan",
role = "aut"))
as necessary.
Flavors: r-devel-linux-x86_64-debian-clang, r-devel-linux-x86_64-debian-gcc
Version: 2.0
Check: dependencies in R code
Result: NOTE
Unexported objects imported by ':::' calls:
‘copula:::dCdu’ ‘copula:::fitCopStart’
See the note in ?`:::` about the use of this operator.
Flavors: r-devel-linux-x86_64-debian-clang, r-devel-linux-x86_64-debian-gcc, r-devel-linux-x86_64-fedora-clang, r-devel-linux-x86_64-fedora-gcc, r-devel-windows-x86_64, r-patched-linux-x86_64, r-release-linux-x86_64, r-release-macos-arm64, r-release-macos-x86_64, r-release-windows-x86_64, r-oldrel-macos-arm64, r-oldrel-macos-x86_64, r-oldrel-windows-x86_64