Last updated on 2025-05-21 04:49:36 CEST.
Flavor | Version | Tinstall | Tcheck | Ttotal | Status | Flags |
---|---|---|---|---|---|---|
r-devel-linux-x86_64-debian-clang | 1.0 | 1191.66 | 205.79 | 1397.45 | OK | |
r-devel-linux-x86_64-debian-gcc | 1.0 | 1136.45 | 245.95 | 1382.40 | OK | |
r-devel-linux-x86_64-fedora-clang | 1.0 | 2190.92 | NOTE | |||
r-devel-linux-x86_64-fedora-gcc | 1.0 | 3498.37 | NOTE | |||
r-devel-windows-x86_64 | 1.0 | 1403.00 | 387.00 | 1790.00 | OK | |
r-patched-linux-x86_64 | 1.0 | 1499.74 | 334.89 | 1834.63 | OK | |
r-release-linux-x86_64 | 1.0 | 1479.00 | 332.57 | 1811.57 | OK | |
r-release-macos-arm64 | 1.0 | 688.00 | OK | |||
r-release-macos-x86_64 | 1.0 | 676.00 | OK | |||
r-release-windows-x86_64 | 1.0 | 1397.00 | 369.00 | 1766.00 | OK | |
r-oldrel-macos-arm64 | 1.0 | 338.00 | NOTE | |||
r-oldrel-macos-x86_64 | 1.0 | 271.00 | NOTE | |||
r-oldrel-windows-x86_64 | 1.0 | 1544.00 | 466.00 | 2010.00 | NOTE |
Version: 1.0
Check: dependencies in R code
Result: NOTE
Namespaces in Imports field not imported from:
‘R6’ ‘RcppParallel’ ‘purrr’ ‘rstantools’ ‘scales’ ‘vizdraws’
All declared Imports should be used.
Flavors: r-devel-linux-x86_64-fedora-clang, r-devel-linux-x86_64-fedora-gcc
Version: 1.0
Check: installed package size
Result: NOTE
installed size is 173.7Mb
sub-directories of 1Mb or more:
libs 172.8Mb
Flavors: r-oldrel-macos-arm64, r-oldrel-macos-x86_64, r-oldrel-windows-x86_64
Version: 1.0
Check: for GNU extensions in Makefiles
Result: NOTE
GNU make is a SystemRequirements.
Flavors: r-oldrel-macos-arm64, r-oldrel-macos-x86_64, r-oldrel-windows-x86_64