Last updated on 2025-05-21 04:49:36 CEST.
Flavor | Version | Tinstall | Tcheck | Ttotal | Status | Flags |
---|---|---|---|---|---|---|
r-devel-linux-x86_64-debian-clang | 1.0.4 | 1.91 | 19.26 | 21.17 | NOTE | |
r-devel-linux-x86_64-debian-gcc | 1.0.4 | 1.45 | 15.36 | 16.81 | NOTE | |
r-devel-linux-x86_64-fedora-clang | 1.0.4 | 33.03 | OK | |||
r-devel-linux-x86_64-fedora-gcc | 1.0.4 | 32.02 | OK | |||
r-devel-windows-x86_64 | 1.0.4 | 3.00 | 48.00 | 51.00 | OK | |
r-patched-linux-x86_64 | 1.0.4 | 1.91 | 18.55 | 20.46 | OK | |
r-release-linux-x86_64 | 1.0.4 | 1.97 | 18.40 | 20.37 | OK | |
r-release-macos-arm64 | 1.0.4 | 16.00 | OK | |||
r-release-macos-x86_64 | 1.0.4 | 34.00 | OK | |||
r-release-windows-x86_64 | 1.0.4 | 3.00 | 147.00 | 150.00 | OK | |
r-oldrel-macos-arm64 | 1.0.4 | 19.00 | OK | |||
r-oldrel-macos-x86_64 | 1.0.4 | 20.00 | OK | |||
r-oldrel-windows-x86_64 | 1.0.4 | 2.00 | 45.00 | 47.00 | OK |
Version: 1.0.4
Check: CRAN incoming feasibility
Result: NOTE
Maintainer: ‘Korbinian Strimmer <strimmerlab@gmail.com>’
No Authors@R field in DESCRIPTION.
Please add one, modifying
Authors@R: c(person(given = "Sebastian",
family = "Gibb",
role = "aut"),
person(given = "Korbinian",
family = "Strimmer.",
role = "aut"),
person(given = "Korbinian",
family = "Strimmer",
role = "cre",
email = "strimmerlab@gmail.com"))
as necessary.
Flavors: r-devel-linux-x86_64-debian-clang, r-devel-linux-x86_64-debian-gcc