Last updated on 2025-05-20 03:50:05 CEST.
Flavor | Version | Tinstall | Tcheck | Ttotal | Status | Flags |
---|---|---|---|---|---|---|
r-devel-linux-x86_64-debian-clang | 1.1 | 4.30 | 33.07 | 37.37 | NOTE | |
r-devel-linux-x86_64-debian-gcc | 1.1 | 3.10 | 25.70 | 28.80 | NOTE | |
r-devel-linux-x86_64-fedora-clang | 1.1 | 56.83 | OK | |||
r-devel-linux-x86_64-fedora-gcc | 1.1 | 54.26 | OK | |||
r-devel-windows-x86_64 | 1.1 | 8.00 | 63.00 | 71.00 | OK | |
r-patched-linux-x86_64 | 1.1 | 3.96 | 31.71 | 35.67 | OK | |
r-release-linux-x86_64 | 1.1 | 4.02 | 31.72 | 35.74 | OK | |
r-release-macos-arm64 | 1.1 | 29.00 | OK | |||
r-release-macos-x86_64 | 1.1 | 46.00 | OK | |||
r-release-windows-x86_64 | 1.1 | 8.00 | 67.00 | 75.00 | OK | |
r-oldrel-macos-arm64 | 1.1 | 24.00 | OK | |||
r-oldrel-macos-x86_64 | 1.1 | 38.00 | OK | |||
r-oldrel-windows-x86_64 | 1.1 | 10.00 | 61.00 | 71.00 | OK |
Version: 1.1
Check: CRAN incoming feasibility
Result: NOTE
Maintainer: ‘Gabriel Martos <gmartos@utdt.edu>’
Package CITATION file contains call(s) to old-style personList() or
as.personList(). Please use c() on person objects instead.
Package CITATION file contains call(s) to old-style citEntry(). Please
use bibentry() instead.
Found the following \keyword or \concept entries
which likely give several index terms:
File ‘entropy.fd.Rd’:
\keyword{rkhs, Entropy}
Flavors: r-devel-linux-x86_64-debian-clang, r-devel-linux-x86_64-debian-gcc