Last updated on 2025-05-21 04:49:35 CEST.
Flavor | Version | Tinstall | Tcheck | Ttotal | Status | Flags |
---|---|---|---|---|---|---|
r-devel-linux-x86_64-debian-clang | 0.1.2 | 96.40 | 28.99 | 125.39 | ERROR | |
r-devel-linux-x86_64-debian-gcc | 0.1.2 | 75.93 | 23.71 | 99.64 | OK | |
r-devel-linux-x86_64-fedora-clang | 0.1.2 | 199.89 | OK | |||
r-devel-linux-x86_64-fedora-gcc | 0.1.2 | 195.20 | OK | |||
r-devel-windows-x86_64 | 0.1.2 | 100.00 | 92.00 | 192.00 | OK | |
r-patched-linux-x86_64 | 0.1.2 | 97.32 | 28.29 | 125.61 | OK | |
r-release-linux-x86_64 | 0.1.2 | 98.80 | 28.10 | 126.90 | OK | |
r-release-macos-arm64 | 0.1.2 | 63.00 | OK | |||
r-release-macos-x86_64 | 0.1.2 | 88.00 | OK | |||
r-release-windows-x86_64 | 0.1.2 | 99.00 | 78.00 | 177.00 | OK | |
r-oldrel-macos-arm64 | 0.1.2 | 62.00 | OK | |||
r-oldrel-macos-x86_64 | 0.1.2 | 106.00 | OK | |||
r-oldrel-windows-x86_64 | 0.1.2 | 115.00 | 93.00 | 208.00 | OK |
Version: 0.1.2
Check: examples
Result: ERROR
Running examples in ‘awdb-Ex.R’ failed
The error most likely occurred in:
> base::assign(".ptime", proc.time(), pos = "CheckExEnv")
> ### Name: get_elements
> ### Title: Get Station Elements
> ### Aliases: get_elements
>
> ### ** Examples
>
> # get snow water equivalent values around Bear Lake
> get_elements(bear_lake, elements = "WTEQ")
Error in `get_elements()`:
! Failed to perform HTTP request.
Caused by error in `curl::curl_fetch_memory()`:
! Timeout was reached [wcc.sc.egov.usda.gov]: Resolving timed out after 10000 milliseconds
Backtrace:
▆
1. └─awdb::get_elements(bear_lake, elements = "WTEQ")
2. └─awdb:::filter_stations(aoi, elements = collapse(elements), awdb_options)
3. └─httr2::req_perform(request_url, error_call = call)
4. └─httr2:::handle_resp(req, resp, error_call = error_call)
5. └─rlang::cnd_signal(resp)
Execution halted
Flavor: r-devel-linux-x86_64-debian-clang