CRAN Package Check Results for Package automagic

Last updated on 2025-05-21 04:49:35 CEST.

Flavor Version Tinstall Tcheck Ttotal Status Flags
r-devel-linux-x86_64-debian-clang 0.5.1 1.66 19.86 21.52 OK
r-devel-linux-x86_64-debian-gcc 0.5.1 1.61 15.85 17.46 OK
r-devel-linux-x86_64-fedora-clang 0.5.1 34.29 OK
r-devel-linux-x86_64-fedora-gcc 0.5.1 31.90 OK
r-devel-windows-x86_64 0.5.1 3.00 46.00 49.00 OK
r-patched-linux-x86_64 0.5.1 1.65 19.18 20.83 OK
r-release-linux-x86_64 0.5.1 1.74 19.20 20.94 OK
r-release-macos-arm64 0.5.1 18.00 OK
r-release-macos-x86_64 0.5.1 24.00 OK
r-release-windows-x86_64 0.5.1 4.00 52.00 56.00 OK
r-oldrel-macos-arm64 0.5.1 15.00 NOTE
r-oldrel-macos-x86_64 0.5.1 21.00 NOTE
r-oldrel-windows-x86_64 0.5.1 4.00 45.00 49.00 NOTE

Check Details

Version: 0.5.1
Check: LazyData
Result: NOTE 'LazyData' is specified without a 'data' directory Flavors: r-oldrel-macos-arm64, r-oldrel-macos-x86_64, r-oldrel-windows-x86_64