Last updated on 2025-05-21 04:49:35 CEST.
Flavor | Version | Tinstall | Tcheck | Ttotal | Status | Flags |
---|---|---|---|---|---|---|
r-devel-linux-x86_64-debian-clang | 0.1.0 | 2.01 | 263.10 | 265.11 | OK | |
r-devel-linux-x86_64-debian-gcc | 0.1.0 | 1.58 | 143.51 | 145.09 | OK | |
r-devel-linux-x86_64-fedora-clang | 0.1.0 | 454.76 | OK | |||
r-devel-linux-x86_64-fedora-gcc | 0.1.0 | 450.89 | OK | |||
r-devel-windows-x86_64 | 0.1.0 | 3.00 | 314.00 | 317.00 | OK | |
r-patched-linux-x86_64 | 0.1.0 | 1.87 | 250.81 | 252.68 | OK | |
r-release-linux-x86_64 | 0.1.0 | 1.66 | 250.95 | 252.61 | OK | |
r-release-macos-arm64 | 0.1.0 | 106.00 | OK | |||
r-release-macos-x86_64 | 0.1.0 | 240.00 | OK | |||
r-release-windows-x86_64 | 0.1.0 | 3.00 | 285.00 | 288.00 | OK | |
r-oldrel-macos-arm64 | 0.1.0 | 103.00 | NOTE | |||
r-oldrel-macos-x86_64 | 0.1.0 | 174.00 | NOTE | |||
r-oldrel-windows-x86_64 | 0.1.0 | 3.00 | 334.00 | 337.00 | NOTE |
Version: 0.1.0
Check: LazyData
Result: NOTE
'LazyData' is specified without a 'data' directory
Flavors: r-oldrel-macos-arm64, r-oldrel-macos-x86_64, r-oldrel-windows-x86_64