Last updated on 2025-05-21 04:49:35 CEST.
Flavor | Version | Tinstall | Tcheck | Ttotal | Status | Flags |
---|---|---|---|---|---|---|
r-devel-linux-x86_64-debian-clang | 1.0.0 | 4.24 | 25.32 | 29.56 | NOTE | |
r-devel-linux-x86_64-debian-gcc | 1.0.0 | 3.18 | 20.31 | 23.49 | NOTE | |
r-devel-linux-x86_64-fedora-clang | 1.0.0 | 43.36 | NOTE | |||
r-devel-linux-x86_64-fedora-gcc | 1.0.0 | 42.37 | NOTE | |||
r-devel-windows-x86_64 | 1.0.0 | 6.00 | 61.00 | 67.00 | NOTE | |
r-patched-linux-x86_64 | 1.0.0 | 4.62 | 24.14 | 28.76 | NOTE | |
r-release-linux-x86_64 | 1.0.0 | 3.73 | 24.26 | 27.99 | NOTE | |
r-release-macos-arm64 | 1.0.0 | 21.00 | NOTE | |||
r-release-macos-x86_64 | 1.0.0 | 35.00 | NOTE | |||
r-release-windows-x86_64 | 1.0.0 | 6.00 | 80.00 | 86.00 | NOTE | |
r-oldrel-macos-arm64 | 1.0.0 | 26.00 | NOTE | |||
r-oldrel-macos-x86_64 | 1.0.0 | 28.00 | NOTE | |||
r-oldrel-windows-x86_64 | 1.0.0 | 6.00 | 57.00 | 63.00 | NOTE |
Version: 1.0.0
Check: Rd files
Result: NOTE
checkRd: (-1) breast_cancer_clean_features.Rd:45: Escaped LaTeX specials: \&
Flavors: r-devel-linux-x86_64-debian-clang, r-devel-linux-x86_64-debian-gcc, r-devel-linux-x86_64-fedora-clang, r-devel-linux-x86_64-fedora-gcc, r-devel-windows-x86_64, r-patched-linux-x86_64, r-release-linux-x86_64, r-release-macos-arm64, r-release-macos-x86_64, r-release-windows-x86_64, r-oldrel-macos-arm64, r-oldrel-macos-x86_64, r-oldrel-windows-x86_64