Last updated on 2025-05-21 04:49:58 CEST.
Flavor | Version | Tinstall | Tcheck | Ttotal | Status | Flags |
---|---|---|---|---|---|---|
r-devel-linux-x86_64-debian-clang | 2.1 | 5.62 | 35.09 | 40.71 | NOTE | |
r-devel-linux-x86_64-debian-gcc | 2.1 | 4.39 | 26.20 | 30.59 | NOTE | |
r-devel-linux-x86_64-fedora-clang | 2.1 | 67.91 | OK | |||
r-devel-linux-x86_64-fedora-gcc | 2.1 | 63.39 | OK | |||
r-devel-windows-x86_64 | 2.1 | 8.00 | 56.00 | 64.00 | OK | |
r-patched-linux-x86_64 | 2.1 | 6.63 | 33.07 | 39.70 | OK | |
r-release-linux-x86_64 | 2.1 | 5.67 | 33.67 | 39.34 | OK | |
r-release-macos-arm64 | 2.1 | 21.00 | OK | |||
r-release-macos-x86_64 | 2.1 | 38.00 | OK | |||
r-release-windows-x86_64 | 2.1 | 7.00 | 61.00 | 68.00 | OK | |
r-oldrel-macos-arm64 | 2.1 | 20.00 | OK | |||
r-oldrel-macos-x86_64 | 2.1 | 30.00 | OK | |||
r-oldrel-windows-x86_64 | 2.1 | 7.00 | 60.00 | 67.00 | OK |
Version: 2.1
Check: CRAN incoming feasibility
Result: NOTE
Maintainer: ‘Kaniav Kamary <kamary@ceremade.dauphine.fr>’
No Authors@R field in DESCRIPTION.
Please add one, modifying
Authors@R: c(person(given = "Kaniav",
family = "Kamary",
role = c("aut", "cre"),
email = "kamary@ceremade.dauphine.fr"),
person(given = "Kate",
family = "Lee",
role = "aut"))
as necessary.
Flavors: r-devel-linux-x86_64-debian-clang, r-devel-linux-x86_64-debian-gcc