Last updated on 2025-05-21 04:49:54 CEST.
Flavor | Version | Tinstall | Tcheck | Ttotal | Status | Flags |
---|---|---|---|---|---|---|
r-devel-linux-x86_64-debian-clang | 2.0.3 | 7.10 | 65.58 | 72.68 | NOTE | |
r-devel-linux-x86_64-debian-gcc | 2.0.3 | 4.67 | 48.84 | 53.51 | NOTE | |
r-devel-linux-x86_64-fedora-clang | 2.0.3 | 113.73 | OK | |||
r-devel-linux-x86_64-fedora-gcc | 2.0.3 | 106.66 | OK | |||
r-devel-windows-x86_64 | 2.0.3 | 10.00 | 77.00 | 87.00 | OK | |
r-patched-linux-x86_64 | 2.0.3 | 7.83 | 61.67 | 69.50 | OK | |
r-release-linux-x86_64 | 2.0.3 | 7.35 | 62.70 | 70.05 | OK | |
r-release-macos-arm64 | 2.0.3 | 31.00 | OK | |||
r-release-macos-x86_64 | 2.0.3 | 55.00 | OK | |||
r-release-windows-x86_64 | 2.0.3 | 10.00 | 81.00 | 91.00 | OK | |
r-oldrel-macos-arm64 | 2.0.3 | 33.00 | OK | |||
r-oldrel-macos-x86_64 | 2.0.3 | 45.00 | OK | |||
r-oldrel-windows-x86_64 | 2.0.3 | 13.00 | 94.00 | 107.00 | OK |
Version: 2.0.3
Check: CRAN incoming feasibility
Result: NOTE
Maintainer: ‘Chakkrit Tantithamthavorn <kla@chakkrit.com>’
No Authors@R field in DESCRIPTION.
Please add one, modifying
Authors@R: person(given = "Chakkrit",
family = "Tantithamthavorn",
role = c("aut", "cre"),
email = "kla@chakkrit.com")
as necessary.
Flavors: r-devel-linux-x86_64-debian-clang, r-devel-linux-x86_64-debian-gcc