Last updated on 2025-05-21 04:49:55 CEST.
Flavor | Version | Tinstall | Tcheck | Ttotal | Status | Flags |
---|---|---|---|---|---|---|
r-devel-linux-x86_64-debian-clang | 0.1.0 | 49.73 | 389.57 | 439.30 | OK | |
r-devel-linux-x86_64-debian-gcc | 0.1.0 | 33.90 | 280.63 | 314.53 | OK | |
r-devel-linux-x86_64-fedora-clang | 0.1.0 | 727.65 | NOTE | |||
r-devel-linux-x86_64-fedora-gcc | 0.1.0 | 663.48 | NOTE | |||
r-devel-windows-x86_64 | 0.1.0 | 47.00 | 312.00 | 359.00 | OK | |
r-patched-linux-x86_64 | 0.1.0 | 42.97 | 363.76 | 406.73 | OK | |
r-release-linux-x86_64 | 0.1.0 | 47.11 | 357.10 | 404.21 | OK | |
r-release-macos-arm64 | 0.1.0 | 174.00 | OK | |||
r-release-macos-x86_64 | 0.1.0 | 335.00 | OK | |||
r-release-windows-x86_64 | 0.1.0 | 33.00 | 8.00 | 41.00 | ERROR | |
r-oldrel-macos-arm64 | 0.1.0 | 153.00 | NOTE | |||
r-oldrel-macos-x86_64 | 0.1.0 | 255.00 | NOTE | |||
r-oldrel-windows-x86_64 | 0.1.0 | 59.00 | 8.00 | 67.00 | ERROR |
Version: 0.1.0
Check: dependencies in R code
Result: NOTE
Namespace in Imports field not imported from: ‘utils’
All declared Imports should be used.
Flavors: r-devel-linux-x86_64-fedora-clang, r-devel-linux-x86_64-fedora-gcc
Version: 0.1.0
Check: whether package can be installed
Result: ERROR
Installation failed.
Flavors: r-release-windows-x86_64, r-oldrel-windows-x86_64
Version: 0.1.0
Check: LazyData
Result: NOTE
'LazyData' is specified without a 'data' directory
Flavors: r-oldrel-macos-arm64, r-oldrel-macos-x86_64