CRAN Package Check Results for Package RonFHIR

Last updated on 2025-05-21 04:49:53 CEST.

Flavor Version Tinstall Tcheck Ttotal Status Flags
r-devel-linux-x86_64-debian-clang 0.4.0 5.91 27.27 33.18 OK
r-devel-linux-x86_64-debian-gcc 0.4.0 3.84 21.25 25.09 OK
r-devel-linux-x86_64-fedora-clang 0.4.0 50.36 OK
r-devel-linux-x86_64-fedora-gcc 0.4.0 49.04 OK
r-devel-windows-x86_64 0.4.0 6.00 45.00 51.00 OK
r-patched-linux-x86_64 0.4.0 5.74 25.08 30.82 OK
r-release-linux-x86_64 0.4.0 5.30 24.81 30.11 OK
r-release-macos-arm64 0.4.0 22.00 OK
r-release-macos-x86_64 0.4.0 35.00 OK
r-release-windows-x86_64 0.4.0 7.00 45.00 52.00 OK
r-oldrel-macos-arm64 0.4.0 18.00 NOTE
r-oldrel-macos-x86_64 0.4.0 28.00 NOTE
r-oldrel-windows-x86_64 0.4.0 8.00 51.00 59.00 NOTE

Check Details

Version: 0.4.0
Check: LazyData
Result: NOTE 'LazyData' is specified without a 'data' directory Flavors: r-oldrel-macos-arm64, r-oldrel-macos-x86_64, r-oldrel-windows-x86_64