CRAN Package Check Results for Package RPyGeo

Last updated on 2025-05-21 04:49:53 CEST.

Flavor Version Tinstall Tcheck Ttotal Status Flags
r-devel-linux-x86_64-debian-clang 1.0.0 1.63 35.40 37.03 OK
r-devel-linux-x86_64-debian-gcc 1.0.0 1.65 27.55 29.20 OK
r-devel-linux-x86_64-fedora-clang 1.0.0 61.94 OK
r-devel-linux-x86_64-fedora-gcc 1.0.0 70.91 OK
r-devel-windows-x86_64 1.0.0 4.00 56.00 60.00 OK
r-patched-linux-x86_64 1.0.0 2.08 34.35 36.43 OK
r-release-linux-x86_64 1.0.0 1.99 34.87 36.86 OK
r-release-macos-arm64 1.0.0 38.00 OK
r-release-macos-x86_64 1.0.0 76.00 OK
r-release-windows-x86_64 1.0.0 4.00 55.00 59.00 OK
r-oldrel-macos-arm64 1.0.0 25.00 NOTE
r-oldrel-macos-x86_64 1.0.0 39.00 NOTE
r-oldrel-windows-x86_64 1.0.0 5.00 65.00 70.00 NOTE

Check Details

Version: 1.0.0
Check: LazyData
Result: NOTE 'LazyData' is specified without a 'data' directory Flavors: r-oldrel-macos-arm64, r-oldrel-macos-x86_64, r-oldrel-windows-x86_64